 -2*k(q) - z(q). Suppose 48 - 83 = -5*a. What is i(a)?
1
Let s(u) = -u**2 - 5*u - 6. Let f(a) = -a**2 + 5 + 0 - 3*a + 1 + 9*a. Let z be f(6). Suppose 2*x = -4 - z. What is s(x)?
-6
Let x(z) be the second derivative of 13/20*z**5 + 0*z**2 + 0 + 1/6*z**4 + 27*z + 1/6*z**3. Determine x(-1).
-12
Let m(r) = r**2 + 4*r + 6. Let o be m(-4). Let d = o - 4. Let g(k) = -3*k**2 + k + 3. Let x(b) = -7*b**2 + 2*b + 7. Let w(q) = d*x(q) - 5*g(q). Determine w(0).
-1
Let i(x) = 81 + 95 - 144 - x. Determine i(13).
19
Let z(t) = -2*t - 29. Suppose 6*o + 114 = -0*o. Let v be z(o). Let h(r) = r**3 - 10*r**2 + 9*r - 3. Give h(v).
-3
Let y(i) = -i + 3 - 2*i**2 - 24*i - 15 + 28. Calculate y(-13).
3
Let p(n) = 32*n**2 + 1. Let a be p(-1). Let r = a + -26. Let o(l) = l**2 - 9*l + 8. What is o(r)?
-6
Let s(m) be the third derivative of m**6/120 + m**5/60 + m**4/24 - 5*m**3/6 - 4*m**2 + 8. Give s(0).
-5
Let j = 295 + -293. Let l(a) = -4*a + 7. Give l(j).
-1
Let w(r) be the third derivative of 0 + 0*r + 0*r**4 + 1/6*r**3 + 6*r**2 - 1/120*r**6 - 1/60*r**5. Determine w(0).
1
Let m(c) be the second derivative of c**5/20 + c**4/12 + 9*c**2/2 + c. Let x(h) = 51*h + 1. Let q be x(1). Let w = 52 - q. Determine m(w).
9
Let i(h) = 5*h - 1. Suppose 6*u - 2*u + 3*v + 15 = 0, 5*u + 5*v + 15 = 0. Let t(z) = -14*z + 2. Let x(m) = u*t(m) - 17*i(m). Let c = -16 - -10. Calculate x(c).
11
Let y(a) = -22*a + 1971*a**2 - 3941*a**2 + 7 - 1 + 1971*a**2. Give y(21).
-15
Let x(i) = -1 + 2013*i**2 - 2012*i**2 - i + i + 24*i**3. Calculate x(1).
24
Let x = 23 - 18. Suppose -3*h = -3*b + 3, -2*b = 2*h - x*b. Let s(w) = w**3 + 3*w**2 - 3*w - 2. Calculate s(h).
7
Let h(d) = -2*d - 6. Let m be 3/6 + 5 + (-5)/10. Suppose 5*x - 8*p + 29 = -6*p, x - m = 4*p. Give h(x).
8
Let z(d) = -11*d**2 + 7 + 5*d + 3*d**2 + 7*d**2. Determine z(7).
-7
Let n(q) = -2*q**2 + 1. Let g(y) = y**2 - 16*y + 16. Let f = 32 + -17. Let d be g(f). Calculate n(d).
-1
Suppose -u - 6*c + 3*c = 0, -u + 5*c - 32 = 0. Let m(w) = w**3 + 12*w**2 + w + 18. Calculate m(u).
6
Suppose 28*u = 23*u + 170. Let p = u + -27. Let h(c) = -c**3 + 7*c**2 - c + 9. Give h(p).
2
Suppose -2*w + 3*d = 0, -2*d + 6 = d. Let z(q) = -q - 4*q**w + 11*q**2 - 9*q**2 - q**3. Calculate z(1).
-4
Let a(q) = -12*q**3 - q**2 - q. Let p = -823 - -826. Let l = -4 - -6. Suppose -l = -p*c - 5. Give a(c).
12
Let z(x) = -74*x - 20. Let p(v) = 24*v + 7. Let g(c) = -17*p(c) - 6*z(c). Calculate g(1).
37
Let l be (14 + 16)/(0 + 3). Let w(v) = v**2 - 9*v - 14. Determine w(l).
-4
Let n be (1/3)/((-18)/270). Suppose 3*p - 5 = -o + 3*o, -3*o = 2*p - 25. Let z(m) = 3*m**2 - o + 3 - 5*m - 4 - 4*m**2. What is z(n)?
-6
Let f be ((5 - 13) + 8)/(1 + 1). Let n(j) be the third derivative of 1/30*j**6 - 3*j**2 + 0*j - 1/6*j**3 + f*j**4 + 0*j**5 + 0. What is n(1)?
3
Let n = -1848 + 1858. Let a(s) = s**2 - 13*s + 19. Give a(n).
-11
Let o(z) = -2*z**3 - 2*z**2 + z. Let r(h) = 7*h**3 + 15*h**2 - 3*h + 8. Let j(w) = 3*o(w) + r(w). Let f be 1 + (-1)/(1/10). Determine j(f).
8
Let k(l) = -2*l**3 + l**2 + 6*l. Let f(s) = -9*s**3 + 14*s**2 + 45*s - 1. Let r(j) = f(j) - 5*k(j). Determine r(-7).
-8
Let p = -81 + 87. Suppose 0 = -2*x, -2*u - 4*x = -7*x - p. Let v(j) = -j**2 + 3*j - 4. What is v(u)?
-4
Suppose s - 10 - 4 = 0. Suppose 3*t - s - 1 = 0. Let w(n) be the first derivative of n**2 - 5*n + 4. Calculate w(t).
5
Let j(i) = -i - 3 + 3 - 3 + 2*i. Determine j(-5).
-8
Let p(j) = 2*j - 2. Let b be (0 - -1)*1 - -7. Let y = -87 + 97. Let r = b - y. Calculate p(r).
-6
Let y be 16 + 12*(-33)/44. Let r(s) = 0 + 4 - s**3 + 7*s**2 - 2*s + 0*s**2. Calculate r(y).
-10
Let h(f) = -13*f + 3. Let n(o) = -20*o + 5. Let j(c) = -8*h(c) + 5*n(c). Suppose -10*r + 57 = 9*r. Determine j(r).
13
Let m(p) = 23*p + 120. Let j be m(-5). Let z(x) = -x**2 + x - 3. Calculate z(j).
-23
Let f(p) = -p + 3. Let l = -25 + 18. Suppose -3*o - 25 = 5*t, -o = 5*t - 3*o. Let d be 30/(-7) + t/l. Calculate f(d).
7
Suppose -4*l + 1 + 0 = -w, w = -5*l + 8. Let g(i) = -7*i**2 + 2*i**2 + i - 9*i**2 - 1. Determine g(l).
-14
Let r = -14 + 9. Let n(o) be the third derivative of o**4/12 - 5*o**3/6 + 61*o**2. Give n(r).
-15
Let k(b) = b - 2*b + 3*b + 9. Let o(v) = -v**2 + 10*v - 10. Let i be o(9). Let y be (i/2)/((-1)/(-12)). Calculate k(y).
-3
Let u(x) = 2*x + 1. Let k(i) = -3*i + 19. Let f be k(5). Let r(j) = -j**3 - 9*j**2 - 8*j - 9. Let z be r(-8). Let q be (z/(-6))/((-3)/f). Determine u(q).
-3
Let m(y) be the second derivative of -y**5/20 - 2*y**4/3 - 7*y**3/6 - y**2 + 18*y. Let i be 8/(-20) - 66/10. Give m(i).
-2
Let b = 25 + -25. Suppose 3*r + r + 4 = b. Let y(n) = n**3 + 2*n**2 + 2*n + 1. Let l be y(r). Let g(h) = -h + 7. Calculate g(l).
7
Let j(f) = -11*f**2 + 1. Let h be j(1). Let a = -7 - h. Let u be 5/(-4) + a/(-4). Let r(m) = 4*m. What is r(u)?
-8
Let s(t) = t**2 - 6*t + 4. Let v be 42/9 + -5 - (-110)/15. What is s(v)?
11
Suppose 33 - 9 = 3*d. Let t(i) = i - d + 4 + 2. Calculate t(3).
1
Let a(z) be the third derivative of -z**6/120 + z**5/12 + 3*z**4/8 - 2*z**3/3 + 144*z**2. Give a(6).
14
Suppose 4*q - 5*s = -6*s - 56, -5*s = 2*q + 10. Let v(i) = i**2 + 15*i - 13. What is v(q)?
-13
Let x(s) = -s - s - 2 + 6 + 0*s. Suppose 4*a - 17 + 53 = 0. Let i be 1 - (3 + a - -1). Determine x(i).
-8
Let a(s) = -s**2 + 5*s. Let y(p) = -p + 1. Let i(x) = a(x) + 4*y(x). Let c be 54/5 + 2/10. Let g = c + -11. What is i(g)?
4
Let k(d) be the first derivative of 22 + 3*d**2 - 2*d - 1/3*d**3. Give k(6).
-2
Let o(p) be the third derivative of -17*p**2 + 0*p + 7/24*p**4 + 1/60*p**5 + 0 + 1/2*p**3. Calculate o(-5).
-7
Let x(a) = -2 - a - 2*a + a**2 - a. Let d(v) = -6*v**2 + 21*v + 11. Let c(g) = -2*d(g) - 11*x(g). What is c(-2)?
0
Let d(t) be the first derivative of -t**7/420 + t**5/120 - t**4/24 + 25*t**3/3 - 21. Let u(f) be the third derivative of d(f). Calculate u(1).
-2
Let v(f) = 13*f + 27*f - 7 - 39*f. Let m(i) = -i**3 + 6. Let a be m(0). Give v(a).
-1
Let k(s) be the second derivative of -1/12*s**4 + 0 - s**3 + 12*s - 2*s**2. Calculate k(-3).
5
Let j be (-2 - -4) + -2 + (3 - -2). Suppose j*k - 85 = -75. Let a(g) = -g**2 + g + 1. Determine a(k).
-1
Let g(m) = m**3 - 2*m**2 + m - 1. Let j(s) = 5*s**3 - 10*s**2 + 9*s - 5. Let x(a) = 6*g(a) - j(a). Calculate x(0).
-1
Let v = 37 + -15. Let x = 19 - v. Let j(s) = 2*s**2 + 3*s - 2. Give j(x).
7
Let r(v) = 2*v**2 - v - 2*v - 4 - 10*v + 10*v. Give r(-4).
40
Let m(w) = -40*w - 31 - 19*w**2 + 3*w**2 + 27*w + 28*w + w**3 + 21. Calculate m(15).
-10
Let p(x) = -4*x - x**2 - x**2 + 7 + x**2. Let f be p(-4). Let g(y) = -2*y + 7. Give g(f).
-7
Let w(a) = -2*a + 25. Let r(s) = s - 12. Let p(y) = -5*r(y) - 2*w(y). Let n = 223 + -218. Give p(n).
5
Suppose 0 = -2*c - 3*i + 9, 0 = -3*c - c - 5*i + 23. Let j be (-1)/(4 + (-52)/c). Suppose 7*z - 8 = j*z. Let x(v) = 5*v - 1. Determine x(z).
9
Let k(r) = -r - 4. Let u be (3*4 + 0)/(12 - 13). Let t be (-38)/(-14) + u/(-42). Calculate k(t).
-7
Suppose 11*l - 30 = -4*l. Let a(f) = -1 - 14*f**l - 3*f**2 + 5*f**2 - 3*f**2. What is a(-1)?
-16
Let z be (0 + (-5)/(-3))/(30/(-90)). Let j(u) = u**3 + 4*u**2 - 7*u - 6. Calculate j(z).
4
Let t(a) = -a**2. Let b(y) = 13*y**2 + 5*y + 6. Let c(k) = b(k) + 4*t(k). What is c(-3)?
72
Let s(r) = 13*r**3 - 5*r**2 + 14*r + 13. Let a(u) = -11*u**3 + 5*u**2 - 14*u - 12. Let m(w) = -7*a(w) - 6*s(w). Give m(-7).
6
Let m(l) = -2 + 294*l - l**2 - 295*l - 5. Give m(0).
-7
Let a be (2/(-4))/(3/(-54)). Let l = -11 + 5. Let g(x) = 20*x**2 - 47*x + 26. Let t(d) = -7*d**2 + 16*d - 9. Let f(m) = l*g(m) - 17*t(m). Give f(a).
6
Let n(d) be the third derivative of -1/6*d**3 - 20*d**2 - 1/120*d**6 + 0*d + 0 + 1/60*d**5 + 0*d**4. What is n(-1)?
1
Suppose -48 = 289*r - 301*r. Let v(w) = -13*w + 3. What is v(r)?
-49
Let q(c) = -15*c**3. Suppose -6*p = -37*p - 31. Give q(p).
15
Let k(a) = -5*a - 9. Let w be 16/5 + 28/35. Determine k(w).
-29
Let w(v) = -2*v**2 - 5*v + 17. Let l(f) = -f**2 - 2*f + 9. Let q(a) = -11*l(a) + 6*w(a). Give q(-9).
-6
Let v(z) = -z**3 - 10*z**2 - 11*z - 6. Suppose 2*k + 3*p + 6 = 0, 0 = -2*k + 4*p - 20 - 14. What is v(k)?
12
Let y(n) = 2*n - 4*n + n + 4. Let k be (-2)/(-3) + (-20)/(-15). Let a be (2/k)/(12/60). Give y(a).
-1
Let p(w) = -3*w**3 - 2*w**2 + w + 33. Let o(j) = -7*j**3 - 5*j**2 + 2*j + 74. Let t(f) = 4*o(f) - 9*p(f). Determine t